lculate 69 - (5 + (4 - 1) + (14 - 13)).
60
What is the value of -1 + 9 + (-126 + 167 - 84)?
-35
What is -46 + 0 + -155 + -4 + 155?
-50
What is 45 + 33 + -52 + -28 + 61?
59
-5 + (80 - 71 - (1 - -4)) + (65 - -3)
67
Calculate (-3 - -1) + 1 - 15 - (-30 + 160 + -140).
-6
Calculate -28 + 92 + -12 + -3 + -20.
29
What is 38 - (64 + (-39 - 9))?
22
What is 123 + -118 - (12 - 0 - 2) - 6?
-11
What is (4 - (34 + -4)) + -1401 + 1386?
-41
Calculate -168 + 130 - (-47 + 12).
-3
-35 + 5 + 22 + 91 + 1 + -5 + 3
82
(1322 - 1340) + -41 + -2
-61
-17 - -2 - (-1510 + 1492) - (0 + 1)
2
Calculate (-3 + -1 - 1) + -1 + 21 + -24.
-9
9 + (5 - -1) + (-70 + 158 - (-16 - 1))
120
Calculate (35 - (26 - -1)) + -1 - 20.
-13
-51 - -114 - (0 + 55)
8
Calculate -20 + -11 + 28 - (-27 - (-4 + 3)).
23
Evaluate -1 + 76 - (-12853 + 12836).
92
(-10 - 15) + 14 + (2 + 0 - 9) + -3
-21
Calculate (25 - (-20 + 5 + 41)) + 1 + -93.
-93
What is the value of (7 - (-2 + 62)) + 624 + -613?
-42
Calculate 5 + 14 + (59 - 127).
-49
-3 + (1 - (78 + 2)) + (-2617 - -2619)
-80
What is the value of -115 - (-5 - -2) - (5595 + -5604)?
-103
Evaluate (-125 - -145) + (-3 - 13) - (-5 - -134 - -4).
-129
Calculate -9 + 2 - (-22 - -44 - 24) - -33.
28
1 + 2 - -8 - (62 - 8 - 2) - 10
-51
What is -4 - (28 + -30) - (3 + 10)?
-15
What is the value of 276 + -195 - (-5 + 6 + -3)?
83
Calculate -2 + (-28 - (-176 + 159 - (-1 + -15) - -4)).
-33
Evaluate -7 - (38 + -61 + (-3 - (-3 + -8))).
8
47 - (-17 + 148 + -44) - ((-1 - -2) + -14)
-27
Evaluate -6 + (70 - (-39 - -63)).
40
Calculate (-24 + 12 - 5 - 19) + -13 + -1.
-50
Evaluate -35 + ((0 - (6 - 5)) + 1 - (-13 - -5)).
-27
Calculate 36 + (-88 - -12) + 63 - 127.
-104
Evaluate 78 + (-88 + 18 - -39).
47
What is 27 + -1 + (-70 - -44 - -13)?
13
Evaluate 72 + -63 + (4 - -2) + -46.
-31
9 + 9 + -2 + 10 + (3 - 7)
22
47 + (-8 + 38 - 60) - 49
-32
Calculate (5 - ((1 - 3) + 3)) + (1356 - 1330).
30
What is the value of 24 + -173 + 103 + (1 - 30)?
-75
Calculate (-54 + 96 - 24) + -18.
0
Calculate 81 - (5 + 83 - 36).
29
45 + (-142 - -168) + -144
-73
Evaluate (-48 - (-3 + -17)) + 32 + -4.
0
Evaluate (-125 + 56 - -30) + 8 + 0.
-31
-56 + 171 + -38 - 159
-82
Calculate 20 + 0 - (58 - 26 - (-59 + 21)).
-50
What is 1 + (-2 - 5) + 9 + 35 + 14?
52
What is 57 + 48 + -63 - -9?
51
Evaluate (88 - 26) + -105 + 1.
-42
What is 2 - ((-4 - (-13 - (-13 - -20))) + -85)?
71
What is 73 + (0 - 12 - (-8 - (-42 - -46)) - 4)?
69
Calculate 12 + (0 - (29 - 8) - -7) - 58 - -11.
-49
Calculate -2 + 4 + 0 + -23 + (-33 - 46 - -79).
-21
Calculate -87 + 132 + -35 + (41 - 1).
50
Calculate 891 + -885 + 4 + -1 + (5 - 2) + -2.
10
Calculate (-45 - -77 - 38) + 26.
20
What is the value of (-39 - (57 + -81)) + -24?
-39
What is 9 + 27 + -35 + 12 + (3 - 54)?
-38
Evaluate (-18 - -171) + 2 - 35 - 19.
101
What is the value of 45 - (37 + 54 + -45)?
-1
Evaluate -56 + -117 + (301 - 34).
94
(-64 - -30 - -32 - (-2 - 15)) + 37
52
Evaluate 104 - (16 - ((7 - (-8 - -9)) + -6)).
88
Evaluate -52 - (-7 + 15) - (5 - 6).
-59
Calculate 32 - (26 - 15) - (-8 - -30).
-1
Evaluate -19 + 80 + (1 - 38 - 5).
19
Calculate 38 - (69 + -13 + -13).
-5
Calculate 32 - (39 - -80) - -132.
45
Calculate 1 + -14 - (26 + (96 - 113)).
-22
-6 - -12 - (8 - -15 - 42)
25
Calculate 4268 + -4311 - (0 - 33).
-10
What is -4 + -5 - 5 - (5 + 41 - 125)?
65
(3 + -1 - -14) + (-1785 - -1809)
40
(-66 - -91) + -29 + 12
8
What is the value of 65 - 26 - -8 - 67?
-20
16 + (50 - 36) + 2
32
(-1 - (33 + -18) - 1) + 23
6
What is the value of -173 - (-57 + (-85 - -37))?
-68
Calculate 4 - ((28 - 1) + (43 - 28) + 2 + -26).
-14
3944 + -3862 - (5 - 26)
103
Evaluate -10 - -4 - (-38 - -37) - (57 - 108).
46
What is (37 + -55 + 9 - (0 - -2 - 18)) + 8?
15
What is the value of 75 + (10 - 45) + -49?
-9
What is 91 + (1 + (13 - 0) - 13)?
92
What is the value of -12 + (-29 + 36 - 24 - (-4 - (5 + -2)))?
-22
What is 8 - (-2 - -3 - 11 - -2)?
16
Calculate -65 - (6 - (-60 + 57 - (1 + 1))) - 7.
-83
Evaluate (-96 - (-3 + 8 + -7)) + (-46 - (18 - 60)).
-98
What is -32 - (24 + -41 + -4) - (-26 - 2)?
17
What is the value of 70 - (-5 - -12 - 6) - (6 + -9 + 1)?
71
What is 44 + 144 + -53 + -36?
99
Calculate (12 - 6) + -19 + -28 + 0 + -8.
-49
Evaluate (715 - 577) + -3 + (20 - 4 - (9 + -3)).
145
Calculate (155 - 159) + 1 + -10 + -6.
-19
Calculate 83 + (-98 - -95 - 44).
36
What is the value of (9 - -7) + -13 - (41 + -11 + 6 - 9)?
-24
What is the value of (-21 - 2) + -122 + (-57 - -146)?
-56
Evaluate (42 - -26 - 120) + 51.
-1
Evaluate 42 + 4 + -16 + -7 + 12 + (-3 - -3).
35
What is the value of (39 - 1 - (13 + -24 + 10)) + -4?
35
What is the value of 13 + (-21 - (26 + 46)) - 8?
-88
Evaluate 14 - -11 - (-33 + 43 - (-13 - -4)).
6
Evaluate 0 + -14 + (5066 - 5101).
-49
What is -11 + 127 - (77 - 25)?
64
What is the value of 79 + -175 - (-32 - 42)?
-22
What is the value of 615 - 659 - (-2 + -48)?
6
88 + (-2 + (1 - -4) - 9) + 3 + -2
83
Evaluate 35 - (4 + -17 + 17) - (-8 + -4).
43
Evaluate (-4 - -15) + (19 - -3 - 7).
26
Evaluate 32 + (0 - (2 + (-8 - -1) + 2)) + 7.
42
-116 - (4 - (159 - 172 - (-16 + -1)))
-116
Calculate 0 + 46 + (971 - 1040).
-23
(269 - (80 + 200)) + (3 - 2)
-10
What is the value of -13 - -49 - 43 - (60 + -7)?
-60
-78 + 69 + -49 + 4
-54
What is (31 - 28 - -8 - (-4 + 0 + 29)) + -124?
-138
Calculate (49 - (0 - -4 - (14 + -1))) + -2.
56
What is -3 + -1 - (1 - (-11 + -14 + 50) - -54)?
-34
(-13 - (11 - (19 + -11 + -2 + 10))) + 35
27
Evaluate 85 + (-5 - (5 + 0 + 7)).
68
Evaluate 29 + 427 + -457 + (-5 - -1).
-5
14 + (3 - (-11 - -30) - 15) + -61
-78
Calculate -2 - (-3 + -5 + 11) - (-61 + -3).
59
What is -97 + (-28 - (-14 + 21) - -66)?
-66
Calculate 59 + -111 + 21 + 40.
9
Calculate -66 + (-26 + -18 - -57).
-53
What is (5 - ((-2 - 9) + 2)) + (-14 - 1)?
-1
What is 83 + 2 + (-104 - -104)?
85
29 + -9 + (5 - -4 - -1) + (0 - 3)
27
Calculate (1 - 69) + (1 + -2 - (-113 - -101)) + -7.
-64
Evaluate -3 - (91 - 31) - -77.
14
(40 + -31 - (8 - -11)) + -5 + 21
6
Calculate 11 + (30 + 27 - (2 + -1)) - (-7 + 7).
67
(-24 - 1) + -610 + 637
2
What is the value of -18 + (-9 - (-2 + -15)) + -14?
-24
What is the value of (-2662 - -2692) + 1 + 6?
37
(-2 - 0) + 3 + -5 - (1631 + -1607)
-28
What is the value of (-8 - (17 + -48)) + -41 + 23?
5
What is the value of 8526 + -8759 + (107 - 0)?
-126
What is 22 - (158 + 45 + -102)?
-79
Calculate -43 - (-141 + (-70 - -134)).
34
18 + -79 + (17 - -29)
-15
What is the value of -257 + 246 + 3 + 12 - (-2 - -3)?
3
(1 - -93) + 288 + 37 + -353
66
Calculate (-12 - -116) + -8 + -138.
-42
Calculate 6 - -9 - (11 - 8 - 48) - 0.
60
What is the value of (-1 - (-10 - 3)) + -42 + 54?
24
Evaluate 43 + ((-17 - (-32 + 14)) + -3 - (2 + 0)).
39
Evaluate -45 + 6 + 24 + -1 + 18 - (5 - -1).
-4
Calculate -17 + 37 + -21 + -16 - -45.
28
-1 + -25 + 1464 + -1496 + 0 + 6
-52
-3424 - -3582 - (115 - 2)
45
What is the value of (0 - ((9 - -8) + 0)) + -583 + 585?
-15
What is (90 - 89) + -10 - (-3 + 2 - 7)?
-1
What is the value of (-74 - (-7 - -8)) + -15 + -8 + (-3 - -15)?
-86
What is the value of -261 + 246 - (-6 + 2 + 7)?
-18
What is the value of (-11 - (12 + -33)) + (-2 - (7 - (-49 + -4)))?
-52
(-3 - -30) + (141 - 181) + (-1 - 40)
-54
87 - 36 - (-17 + 1) - (-4 + (-3 - -3))
71
(-14 - -9 - 4) + (78 - (12 - (5 + 11)))
73
What is -50 + 16 + (76 - 35) - -36?
43
What is the value of -2 + -1 + 46 - (-5849 - -5832)?
60
What is the value of 42 + -85 + -78 - -216?
95
(-26 + 24 - (5 + -8 - -10)) + 31
22
12 + (-38 - (13 - -39))
-78
(17 - 5 - 13) + ((-46 - -3) + 2 - 7)
-49
What is the value of 18 + 43 + (-1 - -8 - (26 - 4))?
46
What is the value of (125 - 113 - (2 - (5 + 6))) + -18?
3
What is -40 + (-3 - -5) + (34 - 50) + 8?
-46
Calculate 37 - (2 + (-7 - 10 - (-2 - 4)) + -1).
47
(-156 - -178 - (-6 + 2)) + 30
56
Calculate 20 + -39 - (-7 - (-86 - (-8 + -3))).
-87
Calculate -33 + (-42 - -153) - 62.
16
What is the value of -23 + -13 + 28 + (-2 - -3 - -21 - 2)?
12
Evaluate 238 + -356 - (-52 - -7).
-73
What is (12 + 0 + -52 - -13) + (0 - 11)?
-38
Calculate -63 + 11 + 26 + -14 + -24.
-64
11 + 69 + -6 + (-13 - (18 + -16))
59
Calculate (87 - 45) + -138 + -2.
-98
Evaluate (-4 + 7 - 4) + (-21 - (-32 + 5)).
5
Evaluate 0 - 67 - (72 + -80 + -1 + -6 + 5).
-57
What is the value of 7 + -35 + (-4 - -20) + 45 + -6?
27
(6 - ((-1 - -10) + 3)) + (8 - -2) - 10
-6
Calculate (17 - 8) + 32 + 1